3 + p**2 + p - 2. Let d be a(-2). Let y(x) = 6*x - 12. Let o be y(d). Calculate the greatest common factor of o and 54.
18
Let n = 1454 + -542. Calculate the greatest common factor of n and 48.
48
Suppose -1202 - 3670 = -21*a. Let f = -61 - -90. What is the highest common divisor of f and a?
29
Let g = -137 + 127. Let n = 48 + g. Calculate the highest common divisor of n and 57.
19
Let z(u) = 2*u + 15. Let y be z(-10). Let q be (-4 - (2 - y))/(-1). Calculate the highest common divisor of 44 and q.
11
Let v(y) = y**3 - 29*y**2 - 29*y - 30. Let p be v(30). Suppose -2*c - 3*c + 675 = p. What is the highest common divisor of 9 and c?
9
Let m(g) = -8*g - 102. Let c be m(-14). What is the highest common factor of c and 50?
10
Let h be (-421)/(-5) - (-21)/(-105). What is the highest common factor of 72 and h?
12
Let v(u) = u**3 - 7*u**2 - 4*u - 10. Suppose -7*f = c - 8*f - 9, c - 9 = -4*f. Let y be v(c). What is the highest common factor of y and 29?
29
Let l be (-2)/(-3) - (339/9 - -3). Let u = -12 - l. What is the highest common factor of 70 and u?
14
Let b be (11 + 1)/((-6)/(-16)). Suppose -10*t = -6*t + 2*p - 1732, -5*t - 5*p = -2165. Let i = -145 + t. Calculate the greatest common divisor of b and i.
32
Suppose -5*p - 3*i = 207, 0 = 3*p - 0*i + 2*i + 125. Let t = 16 - p. Let u be (t/10)/((-1)/(-6)). What is the greatest common divisor of u and 22?
11
Let r = -150 - -105. Let h = r + 53. What is the highest common factor of 16 and h?
8
Let b(p) be the third derivative of p**4/8 + 3*p**3 + p**2. Let u be b(6). Calculate the greatest common divisor of u and 108.
36
Suppose -5*d + 3*k + 1522 = 0, -4*d + 1179 = -4*k - 37. Calculate the greatest common divisor of 427 and d.
61
Suppose g - 3*j + 27 = 2*g, 5*j = -4*g + 101. Let d(k) = 3*k**2 - k. Let m be d(3). Calculate the greatest common factor of m and g.
24
Suppose -208 = -4*u + 3*h - 6*h, -3*h = u - 43. Suppose 376 = -3*d + 91. Let g = -73 - d. Calculate the highest common divisor of g and u.
11
Let d be (-1)/((-1)/(-11))*(-7 + -3). Let n = d - 99. What is the highest common factor of 121 and n?
11
Let x = 9 - 6. Suppose 0*y - x*y + 30 = 0. Let n = -5 + y. Calculate the greatest common factor of n and 25.
5
Suppose -18*l + 186 = 6. Calculate the highest common divisor of l and 40.
10
Let b = -103 + 1. Let m = b + 201. What is the greatest common divisor of 33 and m?
33
Suppose -22 = -4*a + 14. Let p(m) = 4*m**2 + 4*m + 3. Let c = 16 + -19. Let y be p(c). What is the highest common divisor of y and a?
9
Let g(u) = u**2 + u - 47. Let q be g(8). What is the highest common divisor of q and 125?
25
Let p be (980/8)/(-7)*-2. Let d = -3 + p. Let w be 168/18*(-144)/(-14). Calculate the greatest common factor of w and d.
32
Let n = 11 - -279. Calculate the greatest common factor of 58 and n.
58
Let v(n) = -n**3 + 8*n**2 - 4*n - 3. Let h be v(3). Calculate the highest common divisor of 255 and h.
15
Suppose 1442 = 23*o - 1686. Let c be ((-1)/(-2))/(2/136). What is the greatest common divisor of o and c?
34
Let t(a) = -60*a + 968. Let z be t(16). What is the highest common factor of 1816 and z?
8
Suppose -3*u = -0*u - 3*i - 201, -4*i - 16 = 0. What is the greatest common factor of 18 and u?
9
Suppose 10*a + 476 = 12*a. Suppose -7*f + a = 7. Calculate the highest common divisor of f and 3.
3
Suppose r = 4*r - 4*r. Suppose r*d = 5*d - 440. Calculate the highest common factor of d and 22.
22
Let l be 3/7 - (-12710)/70. Calculate the greatest common divisor of l and 26.
26
Suppose -11*k + 7*k - 2*w + 270 = 0, -3*k + w + 190 = 0. What is the greatest common factor of 2 and k?
1
Let u(w) = 5*w**2 + 43*w + 9. Let z be u(-9). Calculate the greatest common divisor of z and 144.
9
Let z = -643 - -779. Calculate the highest common divisor of 170 and z.
34
Suppose -53*z + 904 + 2488 = 0. Calculate the highest common divisor of z and 176.
16
Let c = -54 + 54. Suppose -2*o + 3 + 5 = c, 10 = 2*a + 2*o. Calculate the highest common divisor of 2 and a.
1
Let v = -9565 + 9595. Suppose -2*q + 4 + 0 = 0. Suppose -13 - 11 = -q*o. What is the highest common divisor of o and v?
6
Let p be -3 + 4/(4/7). Suppose d + 2*j = 7*j - 2, 4*j + 8 = p*d. Suppose l - 23 = -d. Calculate the greatest common factor of 30 and l.
10
Let y(r) be the second derivative of 35*r**4/12 + r**3/6 - 16*r. Let d be y(1). What is the greatest common divisor of d and 180?
36
Let n(v) = -v**3 + 17*v**2 + 27*v + 43. Let x be n(18). Suppose -t + l = 3*l - 40, -4*t + l = -x. Calculate the greatest common divisor of t and 30.
10
Let t = -6 + 2. Let y be 4/((-1)/t*-2). Let n = y + 13. What is the highest common factor of n and 25?
5
Let d be -10 + 29 + -6 + 15. Calculate the greatest common divisor of 56 and d.
28
Let s = 12 + 39. Let x = s + -47. Let n(j) = j**3 - 7*j**2 + 7*j + 4. Let g be n(6). Calculate the highest common factor of g and x.
2
Let v(l) = l**2 + l + 1. Let t be v(-2). Suppose 4*n = t*n + 12. Suppose -n + 47 = 5*m. Calculate the highest common factor of 28 and m.
7
Let t(u) = 181*u + 10. Let h be t(-1). Let k = -121 - h. Calculate the highest common divisor of k and 75.
25
Suppose 12*k - 108 = 3*k. Suppose 4*h - 428 = -140. What is the greatest common divisor of k and h?
12
Let u be (-3)/15*-2*5. Suppose -12 = 5*r - u*r, 3*x = r + 22. Calculate the greatest common divisor of 114 and x.
6
Let l(h) = h**2 - h - 1. Let t be l(-8). Suppose 0*g = -3*g + w + t, 5*g - 4*w = 123. What is the greatest common divisor of g and 115?
23
Let o be 151/1 - -1*1. Let r = o - 60. Let q(p) = 19*p**2 + 130*p + 2. Let j be q(-7). Calculate the greatest common divisor of r and j.
23
Let k(t) = -4*t - 330*t**3 - t + 1 + 7*t**2 + 331*t**3. Let s be 1/((-3)/27) - -2. Let p be k(s). Calculate the greatest common factor of p and 12.
12
Let p be 1*-13*1/(-1). Let o(a) = 23*a - 21. Let w be o(6). What is the greatest common factor of p and w?
13
Suppose -4*c = 2*f - 64, -15*f + 2*c = -18*f + 112. What is the greatest common factor of f and 10?
10
Let x(q) = -4*q + 1 + 2*q + 3 + 2. Let i be x(-3). What is the greatest common factor of 3 and i?
3
Suppose 3*h = 2*b - 307, 5*b - 57*h + 62*h - 705 = 0. What is the highest common divisor of b and 365?
73
Suppose 5*z + 76 = 3*g, -6*g - 2*z = -g - 106. Let t = 3 + g. Let r(d) = 3*d**2 - 2. Let x be r(-2). Calculate the highest common divisor of x and t.
5
Let l be (41 + 1)/((-13)/(-26)). What is the highest common factor of l and 72?
12
Let j(z) = -6*z. Let n be j(-1). Suppose -92 = -n*m + 124. Calculate the highest common divisor of 60 and m.
12
Let u = 5 + 3. Let s(q) = -q + q**3 + 0*q - 4 + 6 + 0*q**2 + 3*q**2. Let w be s(-2). What is the greatest common factor of w and u?
8
Let a = 394 + -331. What is the greatest common factor of a and 45?
9
Let d be -17 + 99541/299 + 4/46. What is the greatest common factor of d and 4?
4
Suppose 5*d - 5*c = 930, -5*c = 5 - 0. What is the highest common factor of 37 and d?
37
Suppose 66 = -3*c - 18. Let s be (c/(-6))/((-4)/6). Let q = 49 - s. What is the greatest common factor of q and 8?
8
Let i = 210 - 150. Let p be 30*1*(-1 - (-30)/18). What is the greatest common divisor of i and p?
20
Let q(h) = -h**3 - 3*h**2 + h + 4. Let s be q(-3). Let z = -9 + 7. Let c be 1/z*2*-5. What is the greatest common divisor of s and c?
1
Suppose -3*o = -2*o - 1240. Suppose -182 - o = 2*m - 2*w, 0 = 2*w - 6. Let q be m/(-28) + (-8)/28. What is the greatest common divisor of q and 25?
25
Let d(i) = -26*i + 29. Let l be d(-2). What is the greatest common divisor of 2 and l?
1
Let b(r) = r**2 - 11. Suppose 0 = 5*m + 4*t + 22 + 16, 4*t + 32 = -4*m. Let v = -5 + m. Let y be b(v). Calculate the highest common divisor of y and 10.
10
Suppose 6*y = 528 + 66. What is the highest common factor of y and 44?
11
Let b = 24 - 18. Suppose a = b*a - 115. Calculate the highest common factor of a and 184.
23
Let b = -1675 - -2051. Calculate the highest common divisor of b and 16.
8
Suppose 0*k - k + 2*x + 65 = 0, -3*k + 2*x + 191 = 0. Let z be ((-124)/(-8))/(5/10). Let n = -24 + z. What is the greatest common divisor of k and n?
7
Suppose 5*s = -5*q + 220, 0*s + 85 = 2*s + 5*q. Calculate the highest common factor of 105 and s.
15
Suppose p - 2*p = -x + 108, -p + 210 = 2*x. Let y = x - 90. Calculate the highest common factor